 prime factors of 105882?
2, 3, 7, 2521
What are the prime factors of 30764?
2, 7691
What are the prime factors of 2541?
3, 7, 11
List the prime factors of 21943.
21943
List the prime factors of 2647.
2647
List the prime factors of 37.
37
List the prime factors of 3600.
2, 3, 5
What are the prime factors of 22815?
3, 5, 13
List the prime factors of 40492.
2, 53, 191
What are the prime factors of 9693?
3, 359
What are the prime factors of 119797?
119797
What are the prime factors of 3225?
3, 5, 43
What are the prime factors of 1746?
2, 3, 97
List the prime factors of 1596.
2, 3, 7, 19
List the prime factors of 2968.
2, 7, 53
List the prime factors of 2054.
2, 13, 79
List the prime factors of 6216.
2, 3, 7, 37
What are the prime factors of 486?
2, 3
List the prime factors of 22531.
22531
What are the prime factors of 547?
547
What are the prime factors of 24168?
2, 3, 19, 53
List the prime factors of 88914.
2, 3, 7, 29, 73
What are the prime factors of 71?
71
List the prime factors of 55848.
2, 3, 13, 179
List the prime factors of 1142.
2, 571
List the prime factors of 116841.
3, 17, 29, 79
What are the prime factors of 786?
2, 3, 131
What are the prime factors of 5158?
2, 2579
What are the prime factors of 2072?
2, 7, 37
List the prime factors of 15792.
2, 3, 7, 47
What are the prime factors of 55742?
2, 47, 593
What are the prime factors of 10294?
2, 5147
What are the prime factors of 5568?
2, 3, 29
What are the prime factors of 58106?
2, 17, 1709
List the prime factors of 17102.
2, 17, 503
What are the prime factors of 4471?
17, 263
List the prime factors of 2836.
2, 709
List the prime factors of 10736.
2, 11, 61
What are the prime factors of 1265?
5, 11, 23
What are the prime factors of 20886?
2, 3, 59
What are the prime factors of 63999?
3, 13, 547
What are the prime factors of 1243?
11, 113
List the prime factors of 1559.
1559
List the prime factors of 27864.
2, 3, 43
What are the prime factors of 44454?
2, 3, 31, 239
What are the prime factors of 1178?
2, 19, 31
List the prime factors of 9377.
9377
List the prime factors of 1008.
2, 3, 7
List the prime factors of 6174.
2, 3, 7
List the prime factors of 2331.
3, 7, 37
List the prime factors of 10535.
5, 7, 43
List the prime factors of 1795.
5, 359
What are the prime factors of 3776?
2, 59
What are the prime factors of 9885?
3, 5, 659
List the prime factors of 16395.
3, 5, 1093
What are the prime factors of 97464?
2, 3, 31, 131
List the prime factors of 3005.
5, 601
What are the prime factors of 1000?
2, 5
List the prime factors of 614.
2, 307
List the prime factors of 3086.
2, 1543
List the prime factors of 2564.
2, 641
What are the prime factors of 3361?
3361
List the prime factors of 5846.
2, 37, 79
What are the prime factors of 6213?
3, 19, 109
List the prime factors of 120130.
2, 5, 41, 293
List the prime factors of 10572.
2, 3, 881
List the prime factors of 16278.
2, 3, 2713
List the prime factors of 1544.
2, 193
What are the prime factors of 5?
5
List the prime factors of 33186.
2, 3, 5531
What are the prime factors of 15134?
2, 7, 23, 47
What are the prime factors of 20781?
3, 2309
What are the prime factors of 938?
2, 7, 67
List the prime factors of 329.
7, 47
What are the prime factors of 7155?
3, 5, 53
List the prime factors of 5426.
2, 2713
What are the prime factors of 143313?
3, 23, 31, 67
List the prime factors of 6323.
6323
List the prime factors of 38356.
2, 43, 223
What are the prime factors of 11032?
2, 7, 197
What are the prime factors of 19562?
2, 9781
List the prime factors of 1564.
2, 17, 23
List the prime factors of 18041.
18041
List the prime factors of 1485.
3, 5, 11
List the prime factors of 4940.
2, 5, 13, 19
What are the prime factors of 1841?
7, 263
List the prime factors of 4157.
4157
What are the prime factors of 7867?
7867
What are the prime factors of 4511?
13, 347
List the prime factors of 3818.
2, 23, 83
List the prime factors of 1175.
5, 47
List the prime factors of 3341.
13, 257
What are the prime factors of 625?
5
List the prime factors of 2297.
2297
List the prime factors of 563.
563
What are the prime factors of 2342?
2, 1171
What are the prime factors of 72?
2, 3
What are the prime factors of 1765?
5, 353
What are the prime factors of 7474?
2, 37, 101
List the prime factors of 1040.
2, 5, 13
List the prime factors of 1760.
2, 5, 11
What are the prime factors of 42734?
2, 23, 929
List the prime factors of 44502.
2, 3, 7417
List the prime factors of 1397.
11, 127
List the prime factors of 87143.
7, 59, 211
List the prime factors of 776.
2, 97
List the prime factors of 31224.
2, 3, 1301
List the prime factors of 1040.
2, 5, 13
List the prime factors of 7678.
2, 11, 349
What are the prime factors of 6616?
2, 827
List the prime factors of 139.
139
What are the prime factors of 52506?
2, 3, 2917
What are the prime factors of 1824?
2, 3, 19
What are the prime factors of 5313?
3, 7, 11, 23
List the prime factors of 135692.
2, 33923
What are the prime factors of 66652?
2, 19, 877
List the prime factors of 11020.
2, 5, 19, 29
List the prime factors of 27451.
97, 283
List the prime factors of 900.
2, 3, 5
List the prime factors of 694.
2, 347
List the prime factors of 6058.
2, 13, 233
List the prime factors of 20139.
3, 7, 137
List the prime factors of 157.
157
What are the prime factors of 58608?
2, 3, 11, 37
What are the prime factors of 1875?
3, 5
What are the prime factors of 513?
3, 19
List the prime factors of 42071.
42071
What are the prime factors of 8340?
2, 3, 5, 139
List the prime factors of 32017.
101, 317
List the prime factors of 9148.
2, 2287
What are the prime factors of 42?
2, 3, 7
List the prime factors of 84117.
3, 11, 2549
What are the prime factors of 45512?
2, 5689
List the prime factors of 6902.
2, 7, 17, 29
List the prime factors of 1826.
2, 11, 83
List the prime factors of 903.
3, 7, 43
What are the prime factors of 51467?
13, 37, 107
List the prime factors of 33256.
2, 4157
List the prime factors of 7555.
5, 1511
What are the prime factors of 7960?
2, 5, 199
List the prime factors of 5433.
3, 1811
What are the prime factors of 62527?
31, 2017
What are the prime factors of 12422?
2, 6211
What are the prime factors of 1562?
2, 11, 71
List the prime factors of 76931.
19, 4049
What are the prime factors of 62512?
2, 3907
List the prime factors of 238.
2, 7, 17
What are the prime factors of 6521?
6521
What are the prime factors of 1520?
2, 5, 19
What are the prime factors of 52416?
2, 3, 7, 13
List the prime factors of 656.
2, 41
What are the prime factors of 27964?
2, 6991
What are the prime factors of 4965?
3, 5, 331
What are the prime factors of 25?
5
List the prime factors of 4332.
2, 3, 19
What are the prime factors of 800?
2, 5
List the prime factors of 1418.
2, 709
What are the prime factors of 358?
2, 179
What are the prime factors of 2071?
19, 109
What are the prime factors of 66647?
7, 9521
List the prime factors of 2036.
2, 509
List the prime factors of 1701.
3, 7
What are the prime factors of 2866?
2, 1433
What are the prime factors of 745?
5, 149
What are the prime factors of 6949?
6949
List the prime factors of 4187.
53, 79
List the prime factors of 44466.
2, 3, 7411
What are the prime factors of 3299?
3299
List the prime factors of 1360.
2, 5, 17
What are the prime factors of 15701?
7, 2243
What are the prime factors of 54275?
5, 13, 167
List the prime factors of 568.
2, 71
List the prime factors of 16000.
2, 5
What are the prime factors of 76650?
2, 3, 5, 7, 73
What are the prime factors of 128355?
3, 5, 43, 199
List the prime factors of 40349.
157, 257
What are the prime factors of 26762?
2, 13381
What are the prime factors of 286?
2, 11, 13
List the prime factors of 1608.
2, 3, 67
List the prime factors of 25005.
3, 5, 1667
List the prime factors of 1854.
2, 3, 103
List the prime factors of 248.
2, 31
List the prime factors of 5479.
5479
List the prime factors of 1936.
2, 11
List the prime factors of 35047.
101, 347
List the prime factors of 370.
2, 5, 37
What are the prime factors of 40706?
2, 20353
List the prime factors of 3044.
2, 761
List the prime factors of 469.
7, 67
List the prime factors of 27907.
11, 43, 59
List the prime factors of 104062.
2, 7, 7433
List the prime factors of 9199.
9199
List the prime fac